{"id":38,"date":"2023-03-06T13:46:57","date_gmt":"2023-03-06T12:46:57","guid":{"rendered":"http:\/\/www.armbrustschuetzen.at\/?page_id=38"},"modified":"2023-03-06T14:06:07","modified_gmt":"2023-03-06T13:06:07","slug":"die-anfaenge","status":"publish","type":"page","link":"https:\/\/www.armbrustschuetzen.at\/?page_id=38","title":{"rendered":"Die Anf\u00e4nge"},"content":{"rendered":"<p>Um 1872 fanden sich einige Armbrustsch\u00fctzen, mehrheitlich Holzknechte, Bauern und Bergleute zusammen, um sich regelm\u00e4\u00dfig in Hochroith zum Armbrustschie\u00dfen zu treffen. Anfangs waren sie noch vorsichtig, weil die lautlosen, ausschlie\u00dflich selbgebauten Waffen, bei den Kaiserlichen nur langsam beliebt wurden, zu lange waren die Armbrustsch\u00fctzen als latente Gefahr f\u00fcr die Jagdrechte gesehen worden. Deshalb bewegten sich die Sch\u00fctzen lieber abseits von dichten Besiedlungen. Das erkl\u00e4rt den Gr\u00fcndungsort Hochroith an einer Waldlichtung oberhalb von Traxleck am Fu\u00df der Hohen Schrott.<\/p>\n<figure id=\"attachment_39\" aria-describedby=\"caption-attachment-39\" style=\"width: 300px\" class=\"wp-caption alignleft\"><a href=\"http:\/\/www.armbrustschuetzen.at\/wp-content\/uploads\/2023\/03\/hochroith.jpg\"><img decoding=\"async\" loading=\"lazy\" class=\"wp-image-39 size-medium\" src=\"http:\/\/www.armbrustschuetzen.at\/wp-content\/uploads\/2023\/03\/hochroith-300x223.jpg\" alt=\"\" width=\"300\" height=\"223\" srcset=\"https:\/\/www.armbrustschuetzen.at\/wp-content\/uploads\/2023\/03\/hochroith-300x223.jpg 300w, https:\/\/www.armbrustschuetzen.at\/wp-content\/uploads\/2023\/03\/hochroith.jpg 632w\" sizes=\"(max-width: 300px) 100vw, 300px\" \/><\/a><figcaption id=\"caption-attachment-39\" class=\"wp-caption-text\">Blick \u00fcber den Rettenbach nach Traxleck und Hochroith.<\/figcaption><\/figure>\n<p>Eine feste Schie\u00dfst\u00e4tte gab es nicht, die Scheiben und St\u00e4nde waren behelfsm\u00e4\u00dfig und beweglich, damit sienach dem Schie\u00dfen wieder abgebaut werden konnten.Das gesellige Beisammensein der Sch\u00fctzen fand damals in einer kleinen M\u00fchle oberhalb von Traxleck statt.<\/p>\n","protected":false},"excerpt":{"rendered":"<p>Um 1872 fanden sich einige Armbrustsch\u00fctzen, mehrheitlich Holzknechte, Bauern und Bergleute zusammen, um sich regelm\u00e4\u00dfig in Hochroith zum Armbrustschie\u00dfen zu treffen. Anfangs waren sie noch vorsichtig, weil die lautlosen, ausschlie\u00dflich &#8230;<\/p>\n","protected":false},"author":1,"featured_media":0,"parent":0,"menu_order":0,"comment_status":"closed","ping_status":"closed","template":"template-fullwidth.php","meta":[],"_links":{"self":[{"href":"https:\/\/www.armbrustschuetzen.at\/index.php?rest_route=\/wp\/v2\/pages\/38"}],"collection":[{"href":"https:\/\/www.armbrustschuetzen.at\/index.php?rest_route=\/wp\/v2\/pages"}],"about":[{"href":"https:\/\/www.armbrustschuetzen.at\/index.php?rest_route=\/wp\/v2\/types\/page"}],"author":[{"embeddable":true,"href":"https:\/\/www.armbrustschuetzen.at\/index.php?rest_route=\/wp\/v2\/users\/1"}],"replies":[{"embeddable":true,"href":"https:\/\/www.armbrustschuetzen.at\/index.php?rest_route=%2Fwp%2Fv2%2Fcomments&post=38"}],"version-history":[{"count":3,"href":"https:\/\/www.armbrustschuetzen.at\/index.php?rest_route=\/wp\/v2\/pages\/38\/revisions"}],"predecessor-version":[{"id":58,"href":"https:\/\/www.armbrustschuetzen.at\/index.php?rest_route=\/wp\/v2\/pages\/38\/revisions\/58"}],"wp:attachment":[{"href":"https:\/\/www.armbrustschuetzen.at\/index.php?rest_route=%2Fwp%2Fv2%2Fmedia&parent=38"}],"curies":[{"name":"wp","href":"https:\/\/api.w.org\/{rel}","templated":true}]}}